{"id":267,"date":"2012-08-02T16:08:11","date_gmt":"2012-08-02T14:08:11","guid":{"rendered":"http:\/\/occ.multi-project.de\/?page_id=267"},"modified":"2012-08-14T23:58:18","modified_gmt":"2012-08-14T21:58:18","slug":"kickoff","status":"publish","type":"page","link":"https:\/\/occ.multi-project.de\/?page_id=267","title":{"rendered":"Kickoff"},"content":{"rendered":"<p>Der klassische Projekt Kickoff steht gem\u00e4\u00df der DIN 69901-5 zwischen dem Abschlu\u00df der Projektplanungsphase und der ersten Projektphase. PRINCE2\u00ae kennt keinen Kickoff, jedoch empfiehlt es sich, ein solches Meeting durchzuf\u00fchren.<\/p>\n<p>Was spricht f\u00fcr ein Kickoff bzw. welche Ziele sind damit erreichbar:<\/p>\n<ul>\n<li>Klarheit \u00fcber \u00fcbergeordnete Projektziele<\/li>\n<li>Nutzen des Projekts f\u00fcr das Unternehmen<\/li>\n<li>Vorstellung des Projektteams<\/li>\n<li>Gegenseitiges Kennenlernen des Projektteams (sowohl interne als auch externe Mitarbeiter)<\/li>\n<li>Motivation, d.h. Erkenntnis des Teams, da\u00df es einen Beitrag f\u00fcr die Zukunft des Unternehmens leisten kann und will<\/li>\n<li>Ziel\/e der aktuell anstehenden Projektphase und die erwarteten Ergebnisse<\/li>\n<li>Ergebnisse aus anderen Projekten \/ Phasen einbeziehen<\/li>\n<li>Konkretes Vorgehen und anzuwendende Methoden<\/li>\n<li>Der zu erwartende Arbeitsumfang und ggf. vorgesehene Freistellung vom Tagesgesch\u00e4ft<\/li>\n<\/ul>\n<p><span style=\"color: #8b0000;\">F\u00fcr die Planung, Vor-\/Nachbereitung und Moderation von Kickoff-Workshops stelle ich Ihnen selbstverst\u00e4ndlich meine umfangreichen Erfahrungen zur Verf\u00fcgung.<\/span><br \/>\n<span style=\"color: #8b0000;\">Bitte sprechen Sie mich dazu gerne an.<\/span><\/p>\n","protected":false},"excerpt":{"rendered":"<p>Der klassische Projekt Kickoff steht gem\u00e4\u00df der DIN 69901-5 zwischen dem Abschlu\u00df der Projektplanungsphase und der ersten Projektphase. PRINCE2\u00ae kennt keinen Kickoff, jedoch empfiehlt es sich, ein solches Meeting durchzuf\u00fchren. Was spricht f\u00fcr ein Kickoff bzw. welche Ziele sind damit &hellip; <a href=\"https:\/\/occ.multi-project.de\/?page_id=267\">Weiterlesen <span class=\"meta-nav\">&rarr;<\/span><\/a><\/p>\n","protected":false},"author":1,"featured_media":0,"parent":10,"menu_order":0,"comment_status":"closed","ping_status":"closed","template":"","meta":{"footnotes":""},"class_list":["post-267","page","type-page","status-publish","hentry"],"jetpack_sharing_enabled":true,"_links":{"self":[{"href":"https:\/\/occ.multi-project.de\/index.php?rest_route=\/wp\/v2\/pages\/267","targetHints":{"allow":["GET"]}}],"collection":[{"href":"https:\/\/occ.multi-project.de\/index.php?rest_route=\/wp\/v2\/pages"}],"about":[{"href":"https:\/\/occ.multi-project.de\/index.php?rest_route=\/wp\/v2\/types\/page"}],"author":[{"embeddable":true,"href":"https:\/\/occ.multi-project.de\/index.php?rest_route=\/wp\/v2\/users\/1"}],"replies":[{"embeddable":true,"href":"https:\/\/occ.multi-project.de\/index.php?rest_route=%2Fwp%2Fv2%2Fcomments&post=267"}],"version-history":[{"count":8,"href":"https:\/\/occ.multi-project.de\/index.php?rest_route=\/wp\/v2\/pages\/267\/revisions"}],"predecessor-version":[{"id":305,"href":"https:\/\/occ.multi-project.de\/index.php?rest_route=\/wp\/v2\/pages\/267\/revisions\/305"}],"up":[{"embeddable":true,"href":"https:\/\/occ.multi-project.de\/index.php?rest_route=\/wp\/v2\/pages\/10"}],"wp:attachment":[{"href":"https:\/\/occ.multi-project.de\/index.php?rest_route=%2Fwp%2Fv2%2Fmedia&parent=267"}],"curies":[{"name":"wp","href":"https:\/\/api.w.org\/{rel}","templated":true}]}}