{"id":10,"date":"2012-06-14T13:59:15","date_gmt":"2012-06-14T13:59:15","guid":{"rendered":"http:\/\/occ.multi-project.de\/wordpress\/?page_id=10"},"modified":"2012-08-14T23:56:48","modified_gmt":"2012-08-14T21:56:48","slug":"moderation","status":"publish","type":"page","link":"https:\/\/occ.multi-project.de\/?page_id=10","title":{"rendered":"Workshops"},"content":{"rendered":"<p>Im Bereich der Planung, Vor- und Nachbereitung sowie der Moderation von Workshops stehe ich Ihnen gerne zur Verf\u00fcgung.<\/p>\n<p>Meine Leistungen umfassen klassische Projekt-Kickoffs, Lessons-Learned-Workshops, moderierte Retrospektiven und individuelle Workshops und Moderationen zum Beispiel aus dem Bereich der Teamentwicklung.<\/p>\n<p>Jeden Workshop entwerfe ich f\u00fcr den Kunden nach dessen Bed\u00fcrfnissen und W\u00fcnschen und stimme ihn eng mit dem Auftraggeber ab.<\/p>\n","protected":false},"excerpt":{"rendered":"<p>Im Bereich der Planung, Vor- und Nachbereitung sowie der Moderation von Workshops stehe ich Ihnen gerne zur Verf\u00fcgung. Meine Leistungen umfassen klassische Projekt-Kickoffs, Lessons-Learned-Workshops, moderierte Retrospektiven und individuelle Workshops und Moderationen zum Beispiel aus dem Bereich der Teamentwicklung. Jeden Workshop &hellip; <a href=\"https:\/\/occ.multi-project.de\/?page_id=10\">Weiterlesen <span class=\"meta-nav\">&rarr;<\/span><\/a><\/p>\n","protected":false},"author":1,"featured_media":0,"parent":0,"menu_order":2,"comment_status":"closed","ping_status":"closed","template":"","meta":{"footnotes":""},"class_list":["post-10","page","type-page","status-publish","hentry"],"jetpack_sharing_enabled":true,"_links":{"self":[{"href":"https:\/\/occ.multi-project.de\/index.php?rest_route=\/wp\/v2\/pages\/10","targetHints":{"allow":["GET"]}}],"collection":[{"href":"https:\/\/occ.multi-project.de\/index.php?rest_route=\/wp\/v2\/pages"}],"about":[{"href":"https:\/\/occ.multi-project.de\/index.php?rest_route=\/wp\/v2\/types\/page"}],"author":[{"embeddable":true,"href":"https:\/\/occ.multi-project.de\/index.php?rest_route=\/wp\/v2\/users\/1"}],"replies":[{"embeddable":true,"href":"https:\/\/occ.multi-project.de\/index.php?rest_route=%2Fwp%2Fv2%2Fcomments&post=10"}],"version-history":[{"count":14,"href":"https:\/\/occ.multi-project.de\/index.php?rest_route=\/wp\/v2\/pages\/10\/revisions"}],"predecessor-version":[{"id":312,"href":"https:\/\/occ.multi-project.de\/index.php?rest_route=\/wp\/v2\/pages\/10\/revisions\/312"}],"wp:attachment":[{"href":"https:\/\/occ.multi-project.de\/index.php?rest_route=%2Fwp%2Fv2%2Fmedia&parent=10"}],"curies":[{"name":"wp","href":"https:\/\/api.w.org\/{rel}","templated":true}]}}